*2 + 13*m - 5. What is x(-5)?
55
Let u(s) = s**3 + 11*s**2 - 89*s - 154. Give u(-16).
-10
Let g(u) = 17*u - 288. What is g(18)?
18
Let w(d) = -4*d**3 + 32*d**2 + 30*d - 182. What is w(8)?
58
Let a(g) = -g - 58. Give a(-36).
-22
Let h(u) = -9*u**3 - 277*u**2 + 74*u + 368. What is h(-31)?
-4
Let a(q) = -q + 2. Determine a(-12).
14
Let a(o) = 2*o**2 - 13*o - 106. Give a(-5).
9
Let p(w) = 129*w - 1023. Determine p(8).
9
Let s(q) = -q**2 + 518*q - 54309. Calculate s(146).
3
Let u(n) = n**3 - 16*n**2 + 7*n - 17. Determine u(16).
95
Let t(j) = -j**3 + 15*j**2 - 38*j - 13. Give t(12).
-37
Let h(m) = -673*m - 20228. Determine h(-30).
-38
Let v(b) = 134*b**2 - 278*b - 16. Give v(2).
-36
Let r(k) = -k - 33. Calculate r(15).
-48
Let g(z) = 2*z**2 + 59*z - 118. Calculate g(2).
8
Let y(v) = v**3 + 27*v**2 - 51*v + 71. Calculate y(-29).
-132
Let p(r) = -r**3 - 11*r**2 + 13*r + 234. Determine p(-10).
4
Let k(p) = -p**3 + 7*p**2 - 48*p + 223. What is k(5)?
33
Let a(n) = 2*n + 258. Calculate a(-9).
240
Let d(s) = -127*s**2 - 6*s - 12. What is d(-1)?
-133
Let b(p) = 103*p - 13202. Determine b(128).
-18
Let m(x) = 2601*x + 15605. What is m(-6)?
-1
Let m(o) = -2*o**3 - 182*o**2 + 180*o - 341. Determine m(-92).
27
Let o(x) = -7*x - 115. Determine o(-19).
18
Let o(u) = -2*u**2 + 33*u - 136. Calculate o(7).
-3
Let l(t) = -4*t**2 - 332*t - 2255. Determine l(-7).
-127
Let h(t) = 39*t + 127. Calculate h(-4).
-29
Let h(p) = -p**3 + 2*p**2 - p - 125. What is h(0)?
-125
Let w(d) = 37*d + 4846. Determine w(-131).
-1
Let p(d) = d**2 - 49*d - 950. Calculate p(-15).
10
Let s(f) = -f**3 + 188*f**2 + 172*f + 3155. What is s(189)?
-58
Let b(x) = x**3 + 33*x**2 + 213*x - 65. Give b(-24).
7
Let h(r) = -r**3 + 37*r**2 + 126*r - 157. What is h(40)?
83
Let r(n) = 8*n**2 + 4*n - 5. Determine r(3).
79
Let z(v) = -v**3 + 3*v**2 - 113*v + 782. Give z(6).
-4
Let a(b) = 1150*b + 5658. Calculate a(-5).
-92
Let z(g) = 5*g**3 - 161*g**2 + 31*g + 24. Give z(32).
-8
Let j(k) = -k**3 + 20*k**2 - k - 6. What is j(20)?
-26
Let a(z) = z**3 + 26*z**2 + 18*z - 175. Give a(-25).
0
Let q(v) = -2*v**2 + 690*v + 6381. What is q(-9)?
9
Let m(w) = 15*w**2 - 1005*w + 3. Determine m(67).
3
Let m(i) = i**3 - 10*i**2 + 17*i + 2. Calculate m(7).
-26
Let o(k) = -277*k**2 + 10*k + 23. Determine o(-2).
-1105
Let d(h) = h**2 + 12*h - 132. Determine d(-19).
1
Let c(u) = u**3 - 15*u - 323. Calculate c(0).
-323
Let j(p) = p**3 + 49*p**2 + 140*p + 93. Give j(-46).
1
Let s(y) = -16*y + 11. Calculate s(-5).
91
Let v(a) = -1342*a - 8059. Give v(-6).
-7
Let u(f) = f**2 - 91*f - 34600. Determine u(237).
2
Let x(p) = -p**2 + 178. What is x(-13)?
9
Let p(j) = 41*j**2 + 171*j + 9. What is p(-4)?
-19
Let a(l) = -211*l - 1902. What is a(-7)?
-425
Let k(v) = v**2 + 492*v + 8980. Give k(-19).
-7
Let j(p) = 4*p**2 - 82*p - 11. Determine j(21).
31
Let h(p) = 38*p**3 - 7*p**2 + 4*p + 4. Calculate h(1).
39
Let z(h) = -2*h**3 + 61*h**2 + 92*h + 170. Calculate z(32).
42
Let l(n) = -3*n**2 - 112*n + 968. Give l(8).
-120
Let n(m) = 6*m**3 + 180*m**2 + 16*m + 474. Determine n(-30).
-6
Let c(m) = 75*m - 4206. Give c(56).
-6
Let n(u) = 89*u + 434. Determine n(-7).
-189
Let i(u) = -9*u + 188. Determine i(25).
-37
Let x(y) = 2649*y - 5310. Calculate x(2).
-12
Let g(p) = -141*p + 25655. Determine g(182).
-7
Let o(j) = j**3 + 6*j**2 + 57*j + 794. What is o(-9)?
38
Let a(v) = -5*v**2 + 54*v + 52. What is a(14)?
-172
Let f(d) = d**3 + 7*d**2 + 7*d - 6. What is f(-5)?
9
Let f(l) = -102*l + 2248. Give f(22).
4
Let f(k) = -k**3 - 142*k**2 - 1437*k + 533. What is f(-131)?
9
Let r(y) = -43*y**2 - 308*y - 23. Give r(-7).
26
Let s(f) = f**2 + 19*f - 30. Determine s(-13).
-108
Let g(p) = p**3 + 19*p**2 + 40*p - 38. Determine g(-15).
262
Let v(y) = 7*y**2 - 417*y + 166. Determine v(59).
-70
Let t(f) = 15*f - 13. Calculate t(9).
122
Let h(f) = -f**3 - 30*f**2 - 158*f + 72. Calculate h(-23).
3
Let u(i) = i**2 - 15*i + 7. Calculate u(10).
-43
Let r(o) = 5419*o + 59583. Determine r(-11).
-26
Let x(d) = 9*d**2 - 1082*d + 2362. Calculate x(118).
2
Let z(k) = -5*k + 147. Determine z(10).
97
Let y(n) = n**3 - 63*n**2 + 118*n + 225. What is y(61)?
-19
Let a(m) = -18153*m + 145213. Calculate a(8).
-11
Let b(t) = -t**2 - 781*t - 4650. What is b(-6)?
0
Let h(t) = -t**2 - 52*t - 238. What is h(-5)?
-3
Let y(l) = 12*l**2 + 21*l - 11. What is y(-2)?
-5
Let s(y) = y**3 + 192*y**2 + 267*y + 14523. Give s(-191).
7
Let h(b) = 54*b**2 + 1549*b - 491. Determine h(-29).
2
Let v(p) = -56*p**2 + 6*p + 12. What is v(-2)?
-224
Let d(w) = -1132*w - 4537. Give d(-4).
-9
Let v(a) = 96*a + 13050. Give v(-136).
-6
Let u(l) = -2*l**2 - 83*l + 259. Calculate u(3).
-8
Let p(o) = o**2 - 50*o - 342. Determine p(56).
-6
Let k(u) = 6*u**2 + 1137*u + 577. Give k(-189).
10
Let h(j) = -172*j + 4301. Calculate h(25).
1
Let d(k) = -k**3 - 13*k**2 + 29*k + 147. Give d(-14).
-63
Let k(w) = 2*w**3 + 6*w**2 - 80*w - 9. Determine k(-8).
-9
Let i(x) = -69*x**2 + 60*x + 57. Determine i(-1).
-72
Let g(p) = -p**3 + 4*p**2 + 2*p - 186. Give g(0).
-186
Let j(u) = -u**3 - 211*u**2 - 4156*u + 340. Give j(-189).
-38
Let h(l) = l**3 - 22*l**2 + 73*l + 40. Calculate h(17).
-164
Let p(c) = 25*c**2 - c - 15. What is p(-4)?
389
Let u(k) = -184*k - 3845. Determine u(-23).
387
Let z(i) = -13*i + 118. Give z(16).
-90
Let a(o) = -92*o + 6353. What is a(69)?
5
Let t(b) = b**3 - 6*b**2 + 26*b - 53. Calculate t(3).
-2
Let r(j) = 50*j + 2080. Determine r(-42).
-20
Let h(s) = -1163*s - 6953. Determine h(-6).
25
Let c(y) = 2*y**2 - 1093*y - 2191. Calculate c(-2).
3
Let o(y) = -2*y**3 + 5*y**2 + 4*y + 1. Calculate o(4).
-31
Let f(u) = -u**3 + 8*u**2 - 38*u + 137. Calculate f(8).
-167
Let b(l) = 7*l + 53. Calculate b(21).
200
Let t(y) = 20*y + 191. Calculate t(-12).
-49
Let s(q) = -29*q**2 + 2*q - 1. Give s(-2).
-121
Let u(p) = 8*p - 201. Determine u(-4).
-233
Let a(d) = -184*d - 1651. What is a(-7)?
-363
Let p(f) = -33*f**2 - 108*f - 40. Give p(-3).
-13
Let h(o) = -3*o**3 + 4*o**2 - 5*o + 12. Give h(2).
-6
Let u(s) = -s**3 + 29*s**2 - 63*s - 115. Give u(26).
275
Let h(s) = -s**3 + 39*s**2 + 186*s - 4269. Give h(41).
-5
Let i(x) = -5*x**3 + 71*x**2 + 607*x + 10. Calculate i(-6).
4
Let a(z) = -3*z**3 - 131*z**2 + 20*z - 1057. Calculate a(-44).
-1
Let j(f) = -50*f**2 - 746*f + 55. Determine j(-15).
-5
Let q(k) = 15*k + 6. Calculate q(9).
141
Let o(g) = -3*g**2 - 505*g + 4239. Give o(8).
7
Let w(f) = -2*f**2 + 469*f + 15573. Give w(264).
-3
Let k(v) = 22*v + 134. Give k(-3).
68
Let i(b) = -5*b**2 + 3*b + 6. Give i(-4).
-86
Let n(p) = -p**3 - 38*p**2 - 43*p - 110. What is n(-37)?
112
Let g(w) = -58*w**2 - 83*w + 69. Calculate g(-3).
-204
Let r(b) = 3*b**3 - 51*b**2 - 2*b + 38. Give r(17).
4
Let u(c) = 23*c - 2. Determine u(-5).
-117
Let g(v) = 73*v + 227. Calculate g(-3).
8
Let n(o) = -502*o - 1986. Give n(-4).
22
Let h(s) = 103*s + 2660. What is h(-26)?
-18
Let g(c) = c**3 + c**2 - 46*c - 122. Give g(-4).
14
Let v(r) = -85*r + 3783. What is v(45)?
-42
Let w(t) = t**2 + 23*t + 23. What is w(-1)?
1
Let u(v) = 2*v**3 + 34*v**2 + 105*v + 2. What is u(-4)?
-2
Let g(a) = -13*a**3 - 144*a**2 - 2*a + 81. Determine g(-11).
-18
Let t(c) = 19*c**2 + 153*c + 1046. Give t(-7).
906
Let x(n) = -3*n**3 - 9*n - 19. What is x(-4)?
209
Let c(o) = -o**2 + 29*o - 198. What is c(9)?
-18
Let v(a) = -195*a**3 - 10*a**2 + 3*a - 4. Calculate v(1).
-206
Let b(a) = -208*a + 58. Give b(0).
58
Let p(y) = -3*y**3 + 149*y**2 + 53*y - 159. Give p(50).
-9
Let r(k) = 38*k + 661. Calculate r(-19).
-61
Let c(b) = -b**3 + 88*b**2 - 502*b + 814. Give c(82).
-6
Let r(p) = -p**3 + 69*p**2 + 135*p + 544. Give r(71).
47
Let i(n) = -n**3 + 4*n**2 + 11*n - 19. Calculate i(6).
-25
Let r(d) = -12*d**2 + 4*d + 5. Determine r(2).
-35
Let c(l) = -15*l - 1378. Calculate c(-92).
2
Let t(d) = 10*d - 346. Calculate t(36).
14
Let x(o) = -o**2 - 2*o - 5. What is x(-9)?
-68
Let x(o) = o**3 + 65*o**2 - 142*o - 542. Give x(-67).
-6
Let i(p) = -570*p - 523. Give i(-1).
47
Let z(m) = -16*m**3 - 128*m**2 - 6*m - 47. What is z(-8)?
1
Let v(r) = -20*r**2 + 172*r - 6. Give v(8).
90
Let i(p) = -p**2 - 75*p - 1593. What is i(-43)?
-217
Let g(p) = p**3 + 25*p**2 - 7*p - 86. What is g(-25)?
89
Let y(b) = 26*b**3 - 4*b**2 - 9*b + 8. Give y(3).
647
Let d(j) = 14*j**3 + 3*j**2 - 2*j - 4. What is d(